True
Does 19 divide 5282?
True
Is 25308 a multiple of 114?
True
Is 1603 a multiple of 9?
False
Is 29 a factor of 7900?
False
Is 117 a factor of 1638?
True
Is 19734 a multiple of 78?
True
Is 59696 a multiple of 13?
True
Does 35 divide 3290?
True
Is 558 a multiple of 62?
True
Does 13 divide 312?
True
Is 11 a factor of 633?
False
Is 74 a factor of 18746?
False
Is 69 a factor of 8854?
False
Does 40 divide 960?
True
Does 60 divide 2166?
False
Does 176 divide 22352?
True
Is 6188 a multiple of 119?
True
Is 75 a factor of 12159?
False
Does 72 divide 12889?
False
Does 16 divide 12903?
False
Does 34 divide 8636?
True
Is 17454 a multiple of 6?
True
Is 50 a factor of 200?
True
Is 36 a factor of 360?
True
Is 696 a multiple of 6?
True
Is 6 a factor of 1711?
False
Is 2200 a multiple of 3?
False
Is 92 a factor of 355?
False
Is 434 a multiple of 3?
False
Does 44 divide 14960?
True
Does 9 divide 133?
False
Is 14 a factor of 35952?
True
Does 19 divide 6809?
False
Is 8 a factor of 751?
False
Is 23400 a multiple of 120?
True
Is 17 a factor of 408?
True
Does 98 divide 71540?
True
Is 832 a multiple of 13?
True
Does 56 divide 3920?
True
Is 2994 a multiple of 15?
False
Is 2 a factor of 159?
False
Does 66 divide 14784?
True
Is 24 a factor of 3600?
True
Is 159 a multiple of 18?
False
Does 56 divide 280?
True
Is 42 a factor of 504?
True
Is 7 a factor of 3696?
True
Is 14 a factor of 21377?
False
Is 8 a factor of 5027?
False
Is 12672 a multiple of 99?
True
Is 92 a multiple of 23?
True
Is 13323 a multiple of 18?
False
Is 29 a factor of 22301?
True
Does 64 divide 18176?
True
Does 18 divide 288?
True
Is 1798 a multiple of 62?
True
Is 17 a factor of 7174?
True
Is 120 a multiple of 8?
True
Is 17 a factor of 4403?
True
Does 5 divide 108?
False
Is 80 a factor of 4560?
True
Is 6788 a multiple of 49?
False
Does 5 divide 668?
False
Is 25 a factor of 475?
True
Does 2 divide 26?
True
Does 19 divide 2446?
False
Is 18 a factor of 7454?
False
Does 56 divide 7448?
True
Is 14 a factor of 42?
True
Is 4540 a multiple of 4?
True
Is 54342 a multiple of 5?
False
Does 5 divide 45552?
False
Is 86 a multiple of 13?
False
Does 199 divide 7226?
False
Is 670 a multiple of 10?
True
Is 651 a multiple of 14?
False
Is 53909 a multiple of 73?
False
Is 4162 a multiple of 121?
False
Does 85 divide 17425?
True
Is 49 a factor of 4225?
False
Is 10 a factor of 9230?
True
Does 14 divide 4121?
False
Is 128 a factor of 4892?
False
Is 448 a multiple of 16?
True
Is 38272 a multiple of 23?
True
Is 83 a factor of 18924?
True
Is 60 a factor of 1935?
False
Is 450 a multiple of 5?
True
Does 144 divide 151488?
True
Does 66 divide 924?
True
Is 26148 a multiple of 12?
True
Is 269 a multiple of 3?
False
Does 61 divide 7381?
True
Is 5 a factor of 480?
True
Is 49 a factor of 362?
False
Is 27009 a multiple of 54?
False
Does 17 divide 11577?
True
Is 7 a factor of 5185?
False
Does 7 divide 2007?
False
Is 5 a factor of 940?
True
Is 22 a factor of 2794?
True
Is 25786 a multiple of 215?
False
Is 5 a factor of 3873?
False
Does 117 divide 3978?
True
Is 447 a multiple of 2?
False
Is 923 a multiple of 53?
False
Is 808 a multiple of 8?
True
Is 850 a multiple of 50?
True
Is 9944 a multiple of 11?
True
Is 315 a multiple of 9?
True
Is 10456 a multiple of 9?
False
Does 33 divide 305?
False
Is 362 a multiple of 7?
False
Is 1072 a multiple of 33?
False
Does 30 divide 763?
False
Is 8368 a multiple of 24?
False
Is 926 a multiple of 35?
False
Is 1620 a multiple of 30?
True
Does 25 divide 1390?
False
Is 2478 a multiple of 28?
False
Is 19 a factor of 19468?
False
Is 17 a factor of 66810?
True
Is 24 a factor of 3887?
False
Is 44 a factor of 25432?
True
Does 39 divide 429?
True
Does 32 divide 64?
True
Is 48 a factor of 25872?
True
Is 2 a factor of 47?
False
Is 1365 a multiple of 35?
True
Is 4 a factor of 936?
True
Is 25272 a multiple of 52?
True
Is 86782 a multiple of 26?
False
Is 11 a factor of 18299?
False
Is 16 a factor of 602?
False
Is 620 a multiple of 62?
True
Is 37820 a multiple of 30?
False
Is 642 a multiple of 6?
True
Is 51 a factor of 657?
False
Does 68 divide 13736?
True
Does 5 divide 145?
True
Is 4 a factor of 2357?
False
Does 12 divide 427?
False
Does 73 divide 1460?
True
Does 32 divide 5392?
False
Is 41 a multiple of 3?
False
Does 39 divide 351?
True
Is 2994 a multiple of 50?
False
Is 11 a factor of 1390?
False
Is 598 a multiple of 13?
True
Does 9 divide 1215?
True
Is 2448 a multiple of 6?
True
Is 109 a factor of 18543?
False
Does 4 divide 80?
True
Is 142 a factor of 1136?
True
Is 9769 a multiple of 27?
False
Does 13 divide 562?
False
Is 29 a factor of 379?
False
Is 57604 a multiple of 135?
False
Is 1133 a multiple of 79?
False
Is 44 a factor of 16676?
True
Is 12 a factor of 1840?
False
Is 389 a multiple of 45?
False
Is 941 a multiple of 33?
False
Does 23 divide 322?
True
Is 11008 a multiple of 86?
True
Does 13 divide 8789?
False
Does 8 divide 760?
True
Is 344 a multiple of 9?
False
Does 101 divide 6886?
False
Does 18 divide 79130?
False
Is 4624 a multiple of 8?
True
Is 2394 a multiple of 14?
True
Does 6 divide 84?
True
Is 9 a factor of 297?
True
Does 80 divide 1171?
False
Is 3127 a multiple of 42?
False
Is 13 a factor of 5100?
False
Is 3 a factor of 208?
False
Is 2093 a multiple of 13?
True
Is 487 a multiple of 53?
False
Does 10 divide 2970?
True
Is 448 a multiple of 14?
True
Is 6164 a multiple of 134?
True
Does 3 divide 1177?
False
Is 7 a factor of 896?
True
Does 80 divide 1280?
True
Is 1676 a multiple of 19?
False
Does 12 divide 1502?
False
Is 702 a multiple of 23?
False
Does 18 divide 67518?
True
Is 2643 a multiple of 22?
False
Is 9323 a multiple of 113?
False
Does 7 divide 2730?
True
Is 81 a factor of 100521?
True
Does 11 divide 1042?
False
Is 6536 a multiple of 63?
False
Is 100 a factor of 1499?
False
Does 25 divide 1175?
True
Does 81 divide 1296?
True
Does 88 divide 14080?
True
Does 101 divide 23037?
False
Does 20 divide 6360?
True
Is 2 a factor of 4238?
True
Is 21 a factor of 314?
False
Is 29 a factor of 2748?
False
Is 19 a factor of 209?
True
Does 14 divide 112?
True
Is 64 a multiple of 4?
True
Is 161789 a multiple of 383?
False
Does 68 divide 13093?
False
Does 15 divide 28385?
False
Is 3 a factor of 98?
False
Is 7 a factor of 5558?
True
Is 1591 a multiple of 27?
False
Is 3734 a multiple of 14?
False
Does 12 divide 512?
False
Does 6 divide 396?
True
Is 49 a factor of 2230?
False
Is 612 a multiple of 18?
True
Does 3 divide 11404?
False
Is 16 a factor of 12472?
False
Does 48 divide 2789?
False
Is 873 a multiple of 2?
False
Does 25 divide 1200?
True
Is 420 a multiple of 10?
True
Is 358 a multiple of 13?
False
Does 14 divide 2492?
True
Does 36 divide 1335?
False
Does 58 divide 8294?
True
Is 893 a multiple of 19?
True
Is 353 a multiple of 16?
False
Does 12 divide 3353?
False
Is 22 a factor of 124410?
True
Is 93 a factor of 10253?
False
Is 72 a factor of 25920?
True
Does 72 divide 1008?
True
Does 58 divide 15384?
False
Is 112 a multiple of 28?
True
Is 67995 a multiple of 384?
False
Is 4963 a multiple of 117?
False
Does 3 divide 321?
True
Does 38 divide 3116?
True
Is 7614 a multiple of 94?
True
Is 13 a factor of 72137?
True
Is 1173 a multiple of 39?
False
Is 13884 a multiple of 89?
True
Is 29 a factor of 174?
True
Is 12858 a multiple of 7?
False
Is 86 a factor of 21062?
False
Is 51053 a multiple of 230?
False
Is 68 a factor of 5508?
True
Does 32 divide 15592?
False
Is 7 a factor of 88962?
False
Is 46 a factor of 18644?
False
Does 42 divide 1897?
False
Is 52 a factor of 3515?
False
Is 2368 a multiple of 20?
False
Does 12 divide 22219?
False
Is 1724 a multiple of 58?
False
Is 1001 a multiple of 77?
True
Is 1732 a multiple of 4?
True
Is 10 a factor of 110?
True
Is 1026 a multiple of 19?
True
Is 117 a multiple of 49?
False
Does 245 divide 103390?
True
Is 149 a factor of 2165?
False
Does 13 divide 533?
True
Is 41572 a multiple of 95?
False
Is 23 a factor of 35531?
False
Does 54 divide 13460?
False
Is 73 a factor of 45608?
False
Is 25 a factor of 1034?
False
Does 78 divide 16583?
False
Is 1036 a multiple of 28?
True
Is 5 a factor of 274?
False
Is 9 a factor of 529?
False
Does 138 divide 42337?
False
Is 6 a factor of 1408?
False
Does 145 divide 3528?
False
Is 3163 a multiple of 16?
False
Is 7789 a multiple of 85?
False
Is 58 a multiple 